 the second derivative of -b**4/12 - 4*b**3/3 - 3*b**2/2 + b. List the prime factors of o(-3).
2, 3
Suppose 3*h + 2*o + 2*o - 303 = 0, -4*h = -o - 385. List the prime factors of h.
97
Let m(v) = 4 + 6*v - 1 - 7*v. Let d(s) = s - 2. Let g be d(-5). List the prime factors of m(g).
2, 5
Let c = 20 - -10. What are the prime factors of c?
2, 3, 5
Let g = -7 - -13. Let t = -2 + g. List the prime factors of t.
2
Suppose 14*b - 289 = 1125. List the prime factors of b.
101
Suppose -3*l = -0*l. Suppose -5*n - 26 = -2*w, l*w - 14 = -w + 3*n. List the prime factors of w.
2
Let s = -9 - 2. Let a = -3 - s. List the prime factors of a.
2
Suppose -3*x - 12 = -4*z, 5*z - 5 - 10 = 5*x. Let y(s) = 8 + 7 - s**2 + 2*s**2 + s. What are the prime factors of y(x)?
3, 5
Suppose 8 = 2*c - 0*c. Suppose -2*x = 3*v - 91, 5*v - c*v - 4*x - 49 = 0. Suppose 5*s - v = 22. List the prime factors of s.
11
Suppose 0 = -4*w - 8, 5*w = 2*h + 4*w - 8. Let r(z) be the third derivative of z**5/30 - z**4/8 - z**3/2 + 2*z**2. List the prime factors of r(h).
2, 3
Suppose -5*h = -3*h. Let w = h + 2. List the prime factors of (-1 - -2) + w/2.
2
Suppose 5*i - 2 = 3. Let o be 0 + 4/2 + i. Let f(u) = 4*u - 1. List the prime factors of f(o).
11
Let c(b) = 2*b**3 - b**2 + 1. List the prime factors of c(2).
13
Let s be 1*(-12)/(-8)*-2. List the prime factors of 15 - 2*s/6.
2
Let z = -36 + 70. What are the prime factors of z?
2, 17
Suppose -z - 2*x = -10, 5*z + 2*x - 16 = z. Suppose 0 = p - 3*p - z. List the prime factors of 1/p - (-21)/3.
2, 3
Let g be 28/(-12)*6/2. Let f(b) = -10*b**3 - 28*b**2 + 10*b + 1. Let z(y) = -3*y**3 - 9*y**2 + 3*y. Let j(i) = 2*f(i) - 7*z(i). List the prime factors of j(g).
3
Let v(z) = z**2 + 11*z + 6. List the prime factors of v(-17).
2, 3
Suppose -5*g + 190 = 4*h, 5*g = -5*h + 4*g + 227. What are the prime factors of h?
3, 5
Let q(j) = -j**2 + j + 1. Let b(d) = 3*d**2 - 4*d - 9. Let p(r) = -b(r) - 4*q(r). What are the prime factors of p(0)?
5
Let f(n) = -n**3 - 5*n**2 - 1. Let q be f(-5). Let y = 4 - q. Suppose y*b + 4*k = 10 + 50, b + 12 = 4*k. List the prime factors of b.
2
Let b be (0 + 1)/(4/(-116)). Let m = b + 58. What are the prime factors of m?
29
Let f(j) = j**2 + 4*j + 5. Let r be (-44)/10 + 8/20. Let w be f(r). Let y = w - 2. List the prime factors of y.
3
Suppose -2*h - 329 = -4*h + m, -2*m = 4*h - 662. What are the prime factors of h?
3, 5, 11
Suppose 0 = 6*o - 3*o - 12, -20 = -4*h - 5*o. Suppose h*f + f = 20. List the prime factors of f.
2, 5
Suppose 4*m - m + 7 = -v, 0 = 3*v + m + 45. What are the prime factors of (-4)/2 + v/(-4)?
2
Suppose s = -0*s, -2*s + 5 = 5*a. Suppose 4*r = a + 3. What are the prime factors of r + -1 + 3 + 2?
5
Let h be ((-4)/(-3))/(2/9). Let o(q) = -q - q**2 - 7 + 0*q**2 - h*q. List the prime factors of o(-5).
3
Let x(p) = p**3 - 3*p**2 - 4*p + 10. List the prime factors of x(4).
2, 5
Let d(x) be the second derivative of 0*x**3 + 0 + 7/2*x**2 + 1/12*x**4 + 2*x. List the prime factors of d(0).
7
What are the prime factors of (-15399)/(-63) - (-4)/7?
5, 7
Suppose 4*n - 568 = -4*y, 2*n + 5*y = -n + 424. What are the prime factors of n?
11, 13
Suppose 0 = -0*w + 3*w + 18. Let a(f) = -f**3 - 7*f**2 - 8*f - 7. What are the prime factors of a(w)?
5
Suppose 0 = 11*f + 10*f - 1407. List the prime factors of f.
67
Let k(a) = 5*a + 1. Let y be k(-1). List the prime factors of (-2)/y*-4 + 11.
3
Suppose k - 4*k + 12 = 0. Let a(h) = h + 5. What are the prime factors of a(k)?
3
Suppose 5*t = 7*t - 44. What are the prime factors of t?
2, 11
Let r(b) be the third derivative of b**4/12 - 7*b**3/6 + 4*b**2. List the prime factors of r(5).
3
What are the prime factors of 38/10 + 2/10?
2
Suppose 36*u - 34*u = -4. Suppose 2*x + 2*h - 18 = -x, 0 = h + 3. Let k = x + u. What are the prime factors of k?
2, 3
Suppose -5*r + 57 = -w, 0 = -2*r + 3*r + 5*w - 27. Suppose 5*d + r = 102. List the prime factors of d.
2, 3
Let f = -4 - -8. Suppose -f*p + 2*p = -50. Suppose 5*h - 65 = -5*a, 2*a + 0*h - p = -h. List the prime factors of a.
2, 3
Suppose 0 = -2*t - t. Let z(k) = 6*k - 15*k + 9*k + 9 - k**3. What are the prime factors of z(t)?
3
Suppose -o - 2*m = -8 + 4, -2*o - 2*m = -8. Suppose -10 = v + o*v. What are the prime factors of (-2)/((-4)/v) - -5?
2
Suppose -5*i + 84 = -i. Let p = -40 + i. Let d = p - -34. List the prime factors of d.
3, 5
Let a = -2 - -4. Let o = 2 + a. What are the prime factors of o?
2
What are the prime factors of 3 + 0 - 788/(-2*2)?
2, 5
Let r(n) be the first derivative of -n**3/3 - 7*n**2/2 + n + 4. List the prime factors of r(-5).
11
Suppose 395 = 20*h - 15*h. List the prime factors of h.
79
Suppose 9*z + 192 = 12*z. List the prime factors of z.
2
Suppose 0 = -3*n + 4*n - 141. What are the prime factors of n?
3, 47
Let c(t) = 2*t - 4*t**2 + 3 + t - 4 - t**3. Suppose 4*m + 22 = -5*d + 5*m, 0 = -3*d - 2*m - 21. What are the prime factors of c(d)?
3
Let j = 16 - 1. Let u = j + 9. List the prime factors of u.
2, 3
Let a be 2 + (1 - (-3 - -1)). Suppose -j = 2*k - 0 - 1, -a*k - 5*j - 5 = 0. List the prime factors of k.
2
Let h(y) = -y**3 + 6*y**2 + 11*y - 16. What are the prime factors of h(7)?
2, 3
List the prime factors of (-2 + 28/12)*87.
29
Let g = 90 + -37. Let c = g + -30. What are the prime factors of c?
23
Suppose -32 = -4*d + 40. Let p = d - 6. What are the prime factors of p?
2, 3
Suppose 0 = 13*t - 14*t + 60. What are the prime factors of t?
2, 3, 5
Suppose c + 3*n - 10 = -0, -5*n = c. Suppose 6*p - p = -c. Let u = p - -7. List the prime factors of u.
2
Let m be (-4)/(-14) - 290/(-14). Suppose -2*r + m = 5*z, -3 = -z - 2. Let j = 20 - r. What are the prime factors of j?
2, 3
What are the prime factors of 2865/(-6)*(-10)/25?
191
Let h(p) = p**2 - 6*p + 3. Suppose -24 = -7*n + 4*n. List the prime factors of h(n).
19
Let i(a) = a**2 + 14*a + 11. What are the prime factors of i(-14)?
11
Suppose -3*i = -2 - 4. Suppose -p = i*p - 12. What are the prime factors of p?
2
Suppose 0*m + 129 = -3*m. Let h = -6 - m. Suppose -5*f - 7 = -h. List the prime factors of f.
2, 3
Suppose 0 = 7*s - 5*s - 6. What are the prime factors of s?
3
Suppose -4*z + 2*y = -584, 0 = -7*z + 10*z + 3*y - 438. List the prime factors of z.
2, 73
Suppose 7 = 3*j - 3*p + 1, 4 = -2*p. Suppose 6*m = m - 5*w, j = m + 2*w + 2. List the prime factors of m.
2
Suppose 3*o = -v + 306, 5*o - 5*v + 0*v - 490 = 0. What are the prime factors of o?
101
Let s(o) = -o**3 - 3*o**2 + 2*o + 6. Let z be 18/15*10/(-3). What are the prime factors of s(z)?
2, 7
Suppose -h - 3 = 1. Let d(k) = 2*k**2 + 2*k - 3. List the prime factors of d(h).
3, 7
Let o(q) = q**3 - q**2 - q - 4. Let j be 5/(-15) - 14/(-6). Suppose 3*i - 9 = 0, f - i = j*i - 6. List the prime factors of o(f).
11
Let c(l) = -4*l**3 + 2*l**3 + 3*l**3 + 13 - 11*l**2 - 2*l**3. List the prime factors of c(-11).
13
Suppose -2*b - 10 = -4*m + 12, m - 3 = -2*b. Let h be (-42)/(-15) + 1/m. Suppose 0 = -4*n - p + 35, 3*n - h - 12 = 3*p. What are the prime factors of n?
2
Let v(d) = -16*d**2. Let y be v(-1). Let m = -6 - y. Let u = m + -6. List the prime factors of u.
2
Let i = 4 + -1. Suppose 5*j = -0*y - 2*y + 29, 0 = j + 2*y - 9. Let x = j - i. What are the prime factors of x?
2
Let i(c) = c**2 + 9*c - 1. Let v = 14 - 22. Let f be i(v). Let k = -1 - f. What are the prime factors of k?
2
What are the prime factors of (-3 + -55)*(-5)/2?
5, 29
Let b = -187 + 296. List the prime factors of b.
109
Let x(q) = q**2 + 1. Suppose -4*b + 3*u = -u - 12, -4*b + 3*u = -9. Let z be x(b). Let k(s) = 6*s**2 - s. What are the prime factors of k(z)?
5
List the prime factors of 1/4 + (-726)/(-8).
7, 13
Suppose 0 = -2*q + 3*q + 1. What are the prime factors of ((-2 - q)*6)/(-2)?
3
Let h(z) = 42*z + 33. List the prime factors of h(6).
3, 5, 19
List the prime factors of (2/(-4))/((-1)/44).
2, 11
Let a(j) = -j**3 - 4*j**2. Let z be a(-4). Let c(g) = -g**2 - g - 8. Let m be c(z). Let f = m + 14. What are the prime factors of f?
2, 3
Suppose -x + 0*x + 6 = 5*o, 0 = 3*o + x - 2. Suppose 0 = 3*r - o*r - 24. List the prime factors of r.
2, 3
Let y = 84 - 39. Let c = 75 - y. What are the prime factors of c?
2, 3, 5
Let a be (-2)/(3 - 4 - -3). List the prime factors of a + 24 - (0 + -1).
2, 3
Let z(q) = -q - 2. Let f be z(-2). List the prime factors of